12?
True
Is 20 a factor of 529?
False
Is 15200 a multiple of 16?
True
Is 12612 a multiple of 12?
True
Does 39 divide 1317?
False
Is 32 a factor of 352?
True
Is 90 a factor of 14845?
False
Is 12 a factor of 14540?
False
Is 1450 a multiple of 5?
True
Does 71 divide 25118?
False
Is 3 a factor of 101?
False
Is 9 a factor of 99?
True
Does 5 divide 112?
False
Is 11055 a multiple of 15?
True
Does 3 divide 1622?
False
Does 164 divide 20172?
True
Does 17 divide 408?
True
Is 13 a factor of 104?
True
Does 282 divide 99828?
True
Does 5 divide 25799?
False
Does 55 divide 213?
False
Does 25 divide 419?
False
Is 31209 a multiple of 176?
False
Does 19 divide 6905?
False
Does 8 divide 11296?
True
Does 32 divide 2403?
False
Is 1643 a multiple of 76?
False
Is 4 a factor of 1050?
False
Is 10478 a multiple of 18?
False
Is 81 a factor of 4774?
False
Is 20 a multiple of 20?
True
Does 24 divide 115776?
True
Is 12 a factor of 222?
False
Does 49 divide 2205?
True
Is 7196 a multiple of 10?
False
Is 309 a multiple of 9?
False
Is 3 a factor of 371?
False
Is 7 a factor of 30558?
False
Is 17 a factor of 86317?
False
Is 226 a factor of 12004?
False
Is 1064 a multiple of 32?
False
Is 14 a factor of 490?
True
Is 830 a multiple of 49?
False
Is 57 a factor of 45847?
False
Is 96 a factor of 1698?
False
Does 18 divide 18?
True
Is 7303 a multiple of 109?
True
Is 3 a factor of 5265?
True
Is 403 a multiple of 44?
False
Does 48 divide 10896?
True
Does 26 divide 1118?
True
Is 575 a multiple of 9?
False
Is 15853 a multiple of 55?
False
Is 3 a factor of 331?
False
Is 48 a factor of 44506?
False
Is 6806 a multiple of 83?
True
Is 6000 a multiple of 15?
True
Is 77 a factor of 11704?
True
Does 9 divide 112?
False
Is 12 a factor of 720?
True
Is 16422 a multiple of 46?
True
Is 6563 a multiple of 39?
False
Is 48 a factor of 2688?
True
Does 56 divide 9240?
True
Does 61 divide 7419?
False
Is 12 a factor of 799?
False
Is 347 a multiple of 13?
False
Is 1015 a multiple of 8?
False
Is 35 a factor of 1102?
False
Does 109 divide 1048?
False
Is 26894 a multiple of 84?
False
Is 110 a multiple of 11?
True
Does 6 divide 246?
True
Does 29 divide 1334?
True
Is 48250 a multiple of 180?
False
Is 15573 a multiple of 130?
False
Is 4 a factor of 445?
False
Does 34 divide 11254?
True
Is 713 a multiple of 7?
False
Does 6 divide 1428?
True
Is 151 a factor of 25940?
False
Is 624 a multiple of 3?
True
Is 12 a factor of 1631?
False
Is 300 a multiple of 10?
True
Is 3392 a multiple of 32?
True
Does 34 divide 16286?
True
Is 48 a factor of 1296?
True
Does 70 divide 2270?
False
Does 133 divide 3589?
False
Is 10 a factor of 4110?
True
Is 4 a factor of 6909?
False
Is 72984 a multiple of 12?
True
Is 22 a factor of 1016?
False
Is 14572 a multiple of 46?
False
Does 12 divide 96?
True
Does 58 divide 1160?
True
Is 6800 a multiple of 80?
True
Does 58 divide 330?
False
Is 11457 a multiple of 57?
True
Is 5 a factor of 7792?
False
Is 180 a multiple of 30?
True
Is 1750 a multiple of 37?
False
Is 2809 a multiple of 79?
False
Does 40 divide 3080?
True
Is 683 a multiple of 85?
False
Is 2388 a multiple of 199?
True
Does 72 divide 216?
True
Is 24 a factor of 14337?
False
Does 35 divide 37561?
False
Does 4 divide 180?
True
Is 14 a factor of 2170?
True
Does 23 divide 1379?
False
Is 6702 a multiple of 111?
False
Is 20514 a multiple of 13?
True
Is 729 a multiple of 27?
True
Is 5 a factor of 6674?
False
Does 17 divide 60010?
True
Does 193 divide 18537?
False
Is 23 a factor of 68011?
True
Is 5 a factor of 16795?
True
Does 21 divide 398?
False
Is 18 a factor of 8661?
False
Is 14 a factor of 13422?
False
Is 12784 a multiple of 13?
False
Does 14 divide 20141?
False
Is 385 a multiple of 7?
True
Does 3 divide 241?
False
Does 48 divide 3192?
False
Is 3 a factor of 373?
False
Does 16 divide 4000?
True
Does 168 divide 3509?
False
Is 1700 a multiple of 25?
True
Is 61740 a multiple of 294?
True
Does 4 divide 1206?
False
Is 71709 a multiple of 33?
True
Is 999 a multiple of 17?
False
Is 191 a multiple of 8?
False
Is 47 a factor of 1692?
True
Does 33 divide 369?
False
Is 173 a factor of 467?
False
Is 234 a factor of 38766?
False
Does 15 divide 705?
True
Is 7 a factor of 2785?
False
Is 62878 a multiple of 81?
False
Does 158 divide 79696?
False
Is 54 a factor of 2970?
True
Does 11 divide 44?
True
Is 133 a factor of 102144?
True
Is 2646 a multiple of 13?
False
Is 4 a factor of 4276?
True
Is 63012 a multiple of 39?
False
Is 29091 a multiple of 99?
False
Is 909 a multiple of 9?
True
Is 17814 a multiple of 9?
False
Is 996 a multiple of 8?
False
Is 1204 a multiple of 14?
True
Does 19 divide 1178?
True
Is 162 a factor of 8934?
False
Is 50466 a multiple of 6?
True
Is 6 a factor of 4210?
False
Is 93 a factor of 51022?
False
Does 11 divide 836?
True
Is 57 a factor of 493?
False
Is 110 a factor of 3520?
True
Does 80 divide 3440?
True
Is 285 a multiple of 15?
True
Does 49 divide 193?
False
Is 866 a multiple of 32?
False
Is 11484 a multiple of 33?
True
Is 18 a factor of 252?
True
Is 100 a factor of 5300?
True
Is 479 a multiple of 4?
False
Is 11175 a multiple of 15?
True
Is 9 a factor of 5345?
False
Does 3 divide 366?
True
Does 136 divide 664?
False
Does 131 divide 2463?
False
Is 18 a factor of 270?
True
Is 11 a factor of 269?
False
Is 1320 a multiple of 66?
True
Is 37 a factor of 2949?
False
Does 19 divide 1171?
False
Is 1584 a multiple of 14?
False
Is 55 a factor of 1169?
False
Is 71365 a multiple of 87?
False
Does 33 divide 627?
True
Is 10234 a multiple of 34?
True
Does 9 divide 207?
True
Is 6 a factor of 26400?
True
Is 1362 a multiple of 85?
False
Is 21710 a multiple of 26?
True
Does 7 divide 636?
False
Is 37310 a multiple of 91?
True
Does 7 divide 1820?
True
Does 2 divide 58?
True
Is 9010 a multiple of 34?
True
Is 45 a factor of 2115?
True
Is 1054 a multiple of 62?
True
Is 1731 a multiple of 13?
False
Is 30 a factor of 4980?
True
Is 893 a multiple of 19?
True
Does 24 divide 1923?
False
Is 17 a factor of 3540?
False
Does 4 divide 168?
True
Is 8 a factor of 635?
False
Does 47 divide 160?
False
Does 34 divide 878?
False
Does 29 divide 146299?
False
Does 45 divide 16250?
False
Does 9 divide 26662?
False
Is 8 a factor of 45848?
True
Is 1104 a multiple of 23?
True
Is 960 a multiple of 24?
True
Is 23392 a multiple of 32?
True
Is 18224 a multiple of 114?
False
Is 94 a factor of 3290?
True
Is 9 a factor of 1917?
True
Is 11 a factor of 4371?
False
Is 11 a factor of 1980?
True
Is 95 a factor of 1045?
True
Is 465 a multiple of 15?
True
Does 21 divide 9912?
True
Is 4317 a multiple of 6?
False
Does 14 divide 5522?
False
Is 11 a factor of 11630?
False
Does 9 divide 183?
False
Is 13 a factor of 1625?
True
Is 28 a factor of 172?
False
Does 12 divide 468?
True
Is 52 even?
True
Is 8 a factor of 5151?
False
Is 6 a factor of 7796?
False
Does 73 divide 272?
False
Is 6992 a multiple of 2?
True
Is 532 a multiple of 9?
False
Is 54575 a multiple of 59?
True
Is 5880 a multiple of 20?
True
Is 3375 a multiple of 96?
False
Does 42 divide 51324?
True
Is 63681 a multiple of 165?
False
Does 212 divide 6576?
False
Does 44 divide 495?
False
Is 12420 a multiple of 45?
True
Is 427 a multiple of 16?
False
Does 10 divide 310?
True
Is 7 a factor of 740?
False
Is 102 a multiple of 34?
True
Is 17 a factor of 289?
True
Is 52 a factor of 15444?
True
Is 37 a multiple of 37?
True
Is 65265 a multiple of 19?
True
Is 8 a factor of 11888?
True
Is 3022 a multiple of 43?
False
Does 11 divide 187?
True
Is 1178 a multiple of 31?
True
Is 56 a factor of 5084?
False
Is 10 a factor of 43525?
False
Is 4590 a multiple of 15?
True
Is 13431 a multiple of 21?
False
Is 23972 a multiple of 110?
False
Does 13 divide 1075?
False
Is 10256 a multiple of 16?
True
Does 35 divide 770?
True
Does 15 divide 368?
False
Does 4 divide 602?
False
Does 84 divide 3113?
False
Is 3796 a multiple of 23?
False
Is 33 a factor of 155859?
True
Is 2050 a multiple of 82?
True
Is 238 a multiple of 7?
True
Does 34 divide 8055?
False
Is 3401 a multiple of 19?
True
Is 124 a factor of 4257?
False
Is 39 a factor of 16444?
False
Is 14 a factor of 3668?
True
Does 10 divide 42530?
True
Is 23100 a multiple of 66?
True
Is 8 a factor of 5739?
False
Is 32 a factor of 17120?
True
Does 197 divide 8274?
True
Does 9 divide 58383?
True
Does 39 divide 30069?
True
Does 22